(7).
3
Let y = 17 + 2. Let o be 7 - 2 - (-6 - -8). Let n = o - -8. What is the remainder when y is divided by n?
8
Let n(a) = 4*a - 4. Suppose -2*j + 19 = 3*f, -3*j + 7 = 2*f - 4. Suppose k - 17 = -f. Calculate the remainder when n(8) is divided by k.
8
Suppose 3*h - 33 = 12. What is the remainder when 27 is divided by h?
12
Suppose -2*k + 6 + 4 = 0. Suppose -k*c + 5*d = 100, -3*c + d - 2*d = 52. Calculate the remainder when c/(1/(-1) + 0) is divided by 5.
3
Let d = 2 - 1. Suppose -m = -8 + d. What is the remainder when 20 is divided by m?
6
Calculate the remainder when 246/6 - (-12)/(-3) is divided by 19.
18
Suppose 12 = 4*u - 0*u. Let b = 14 - 6. What is the remainder when 16 is divided by b/12 - (-25)/u?
7
Suppose o + 0*o - 53 = -3*q, -q + 157 = 4*o. Calculate the remainder when o is divided by 10.
8
Let f(z) = z**3 - 4*z**2 - 5*z - 1. Let w be f(5). What is the remainder when 29 is divided by (w/3)/((-1)/30)?
9
Suppose -4*v + 3 = -5. Let t(f) = -v - 2*f**3 + 0*f - f + f**3 - f**2. Calculate the remainder when 55 is divided by t(-3).
17
Suppose 0*s + 3*s = 132. Suppose 20 + 12 = 3*g + 5*v, -5*v = -g + s. What is the remainder when g is divided by 5?
4
Let m(r) = -r**2 + 7*r + 3. Let o be m(7). Calculate the remainder when (3 + 11/o)*3 is divided by 7.
6
Suppose 10 = -4*i - 6. Let j(a) = a + 7. Let r(y) = 2*y**2 - y - 2. Calculate the remainder when r(-2) is divided by j(i).
2
Let t(s) = -s**3 - 7*s**2 + 5*s - 9. What is the remainder when 57 is divided by t(-8)?
12
Suppose 0 = -0*y + 3*y + 3, -3*y + 34 = x. Suppose -4*l + 0*l - 72 = -4*c, 4*l + 33 = c. Calculate the remainder when x is divided by c.
11
Suppose -15*i = -10*i - 40. What is the remainder when 15 is divided by i?
7
Let c be (2 + -5)*-1 + 1. Suppose -3*f - 115 = -5*w - 2*f, 113 = c*w - 5*f. Suppose -2*p = -4*p + w. What is the remainder when 30 is divided by p?
8
Let u(f) = -f**2 + 21*f - 26. Calculate the remainder when u(18) is divided by 6.
4
Suppose -8*d = -45 - 19. What is the remainder when 71 is divided by d?
7
Calculate the remainder when 134 is divided by (-114)/(-8) + (-81)/(-108).
14
Let v(k) = 6 - k + 5*k**2 + 0*k**2 - 7. Calculate the remainder when 9 is divided by v(-1).
4
Let a(p) = -10*p**2 - 4*p - 3. Let d be a(-2). Let j = -10 - d. What is the remainder when j is divided by (0 - -1)/(-1) + 10?
7
Let m = -9 + 16. Let b = -10 + m. Calculate the remainder when 20 is divided by 14/(-6)*b*1.
6
Let h = -23 + 28. Suppose k - 3*c = 22, -142 = -h*k - c - 0*c. Let m = -20 - -35. What is the remainder when k is divided by m?
13
Let s(f) = f**3 + 5*f**2 - 3*f - 2. What is the remainder when s(3) is divided by 8*(28/(-35))/(4/(-10))?
13
Suppose -3*c - 2*j = -2*c - 70, -2*c + 135 = -j. Let z = c + -48. Calculate the remainder when 58 is divided by z.
18
Let o = -43 + 88. What is the remainder when o is divided by 23?
22
Suppose -5*l + 43 = -87. What is the remainder when l is divided by 14?
12
Let a(q) = 11*q + 3. Suppose z + 6 = 4*k, 6*k = k + 20. What is the remainder when a(3) is divided by ((-76)/(-10))/(4/z)?
17
Let n(o) = -20*o - 4. Calculate the remainder when n(-3) is divided by 19.
18
Let h be (-7)/((-7 + 3)/4). Let l = h - -11. Suppose 0 = 4*z - 3*k - 2*k - 121, -z = 4*k - 46. Calculate the remainder when z is divided by l.
16
Suppose 0 = -3*l + 19 - 64. Let x = 19 + l. Calculate the remainder when x is divided by ((-6)/8)/((-2)/8).
1
Let c(r) = -2*r + 1. Let k be c(-1). Suppose -z - 24 = k*z. Let u(l) = l + 10. What is the remainder when u(z) is divided by 3?
1
Suppose 0 = s + 3*s + 2*z - 14, 0 = 4*s + 5*z - 11. Suppose 51 = n + s*r, r + 54 = 2*n - 3*r. Let u = 8 + 4. Calculate the remainder when n is divided by u.
11
What is the remainder when ((-2)/5)/((-3)/30) is divided by 3?
1
Let d = 6 + -2. Let l = 5 - -9. What is the remainder when l is divided by d?
2
Let b(u) = 0*u + 12*u + 8 + 0*u. Let d be b(-6). What is the remainder when d/(-4) - (-2)/(-1) is divided by 5?
4
Suppose 0*c - 2*c + 4 = 0. Suppose 0 = -5*v - 4*l - c, -16 = v - 3*v + 4*l. Calculate the remainder when v is divided by 1.
0
Let m be (-4)/(-26) - 640/104. What is the remainder when 38 is divided by 3/(-2)*m + 1?
8
Suppose 8*l - 2*l = 468. What is the remainder when l is divided by 17?
10
Suppose x = 3*y + 12, 0 = -0*y - y + 2*x + 1. Let m = 9 + y. What is the remainder when m is divided by 2?
0
Let l = 1 - -3. Suppose -3*j + 3 = -l*j. Let u = j + 5. Calculate the remainder when 4 is divided by u.
0
Let g(j) = -j**3 - 8*j - 6 - j - 6*j**2 + 2*j. Suppose 2 = k + 3*l - 15, 8 = -k + 2*l. What is the remainder when g(-5) is divided by k?
0
Let t = 5 + -2. Suppose o - 40 = -t*o. What is the remainder when o is divided by 4?
2
Let r = 148 + -35. What is the remainder when r is divided by 29?
26
Let m = -1 - -1. Suppose m = 3*u + 2*u - 110. Calculate the remainder when (-1)/4 - 2570/(-40) is divided by u.
20
Suppose -2*v + 5*d = -96, -5*v = -0*v - 4*d - 240. Suppose v = -8*h + 12*h. Calculate the remainder when 22 is divided by h.
10
What is the remainder when 110 is divided by 5 + (-174)/(-6) - (0 + -3)?
36
Suppose n - 16 = 5*p + 3*n, 4*p + 2 = 2*n. Let u(j) = j**3 - 6*j**2 + j - 8. Let r be u(6). What is the remainder when 2 is divided by (-2)/(-4)*p - r?
0
Suppose 4*z - 43 = -3*i, -z + 23 = 3*i - 2*z. What is the remainder when 14 is divided by i?
5
Let n = 16 - -23. What is the remainder when n is divided by 22?
17
Suppose -2*m = 4, 4*k - 18 - 118 = 4*m. Let t = -19 + k. Calculate the remainder when 49 is divided by t.
10
What is the remainder when -4 + 22 + (-4)/(-4) is divided by (-2)/(-9) - (-176)/18?
9
Suppose 9*j - 176 = -2*j. What is the remainder when 93 is divided by j?
13
Let n = -65 + 75. What is the remainder when 31 is divided by n?
1
Suppose -1 = -p + 2. Let d(s) = -s**3 + 4*s**2 + 5. Let y be d(4). Suppose -o + p*r + 30 = 0, o + 3*r = r + y. Calculate the remainder when o is divided by 8.
7
Let f be ((-3)/2)/((-24)/32). Suppose y - 160 = -4*y - f*v, 4*y + 3*v - 121 = 0. Suppose 2*s - 12 = s. Calculate the remainder when y is divided by s.
10
Suppose -32*z = -31*z - 31. What is the remainder when 61 is divided by z?
30
Let a(d) be the third derivative of d**6/120 - d**5/30 + d**4/24 + 2*d**2. Let o be a(1). What is the remainder when 49 is divided by 17 + o/(-2) + 0?
15
Let q(a) = -2*a - 2. Let k be q(-3). Let p(t) = 10*t + 5. Let b be p(k). Let f = b + -30. Calculate the remainder when f is divided by 8.
7
Suppose 4*v - k - 38 = 9, v - 3*k = -2. What is the remainder when 38 is divided by v?
12
Suppose -w = 2*x - 47, -4*x = 4*w - 58 - 130. Let f(n) = 17*n**2 + 2*n + 1. What is the remainder when w is divided by f(-1)?
15
Suppose -r + 33 = w - 3, -5*r = -4*w - 225. What is the remainder when r is divided by 11?
8
Suppose -4*a = -6 - 34. Let n = a - -2. Suppose 0*i = -3*i - n, v + 3*i - 8 = 0. Calculate the remainder when v is divided by 11.
9
Let s = 9 + -9. Calculate the remainder when 35 is divided by 20 + -1*(s - -2).
17
Let o(b) = -b**2 + 4*b + 1. Let h(d) = -d. Let i(g) = 5*h(g) + o(g). Let u be i(-1). What is the remainder when ((-2)/(-4))/(u/26) is divided by 5?
3
Let m(t) = -t**3 + 19*t**2 + 20*t + 13. What is the remainder when 51 is divided by m(20)?
12
Let a = 24 - -15. Calculate the remainder when 310 is divided by a.
37
Let p = 45 + -35. What is the remainder when 58 is divided by p?
8
Suppose 24 = h - 18. Let y = -159 + 249. Suppose 4*u + 2 - y = 0. Calculate the remainder when h is divided by u.
20
Let y(u) = 24*u**3 + u**2 - 4*u + 2. Suppose 5*n - 5 = 0, 4*t + t - 331 = -n. What is the remainder when t is divided by y(1)?
20
Let v = -4 - -44. Suppose v = 3*l + 2*l. Suppose -66 = -3*n - 3*f + 9, 5*f - 10 = 0. Calculate the remainder when n is divided by l.
7
Suppose j - 5*q = 5*j - 53, 0 = -2*j - 3*q + 29. Suppose 2*f - f = 0, 0 = p + 5*f - j. Calculate the remainder when p is divided by 4.
3
What is the remainder when (3 - 4)*7/(-14)*82 is divided by 2/(24/11 - 2)?
8
Let d = 13 - 9. Suppose -4*o + 69 + 15 = 4*b, -2*b + 76 = d*o. Suppose 245 = -0*t + 5*t. Calculate the remainder when t is divided by o.
15
Suppose 3*s = 4*g + 48, 3*g = 2*g - 2*s - 1. Let n = -3 - g. What is the remainder when 43 is divided by (30/(-4))/((-3)/n)?
13
Let q be ((-69)/(-2))/(3/(-4)). Le